
6
Suppose q = -3*g - 2*g, -6 = g - q. Let r be g/(4/4)*(0 - 4). What is the tens digit of 321*r/12 + 4?
1
Suppose -3*q = 0, n - 5*q + 0 = 4. Suppose 5*a - w - 5650 = 0, n*a - w - 2260 = 2*a. What is the tens digit of a?
3
Suppose 15*r = -10 + 55. Suppose 254 = 4*w + 3*j, -11*j + 192 = r*w - 8*j. What is the tens digit of w?
6
Suppose -i + 19 = -0*x + x, 3*x = 5*i - 87. Suppose -i = l - 4*l. Suppose 0 = -l*h + 41 + 73. What is the units digit of h?
9
Suppose -164*y = -166*y + 4. Suppose -y*h + 99 = h. What is the units digit of h?
3
Let z(w) be the second derivative of w**5/10 - 10*w**4/3 - 11*w**3/2 + 33*w**2/2 + 101*w. What is the tens digit of z(22)?
4
Suppose -3*c + 3*y + 18 = 0, -6*c + 3 = -3*c + 2*y. Suppose 3*o + d = 2*d + 2073, -3*d = -c*o + 2067. What is the units digit of 4/10 - (-1 + o/(-20))?
6
Let l = -1070 - -2059. Suppose l = 7*p - 852. What is the units digit of p?
3
Let t be (4/(-24) - 37/(-6))/2. Suppose -t*v + 0*v = -180. Let a = 102 - v. What is the tens digit of a?
4
Let l = 390 + -277. What is the units digit of l/(-2)*-1*(-37 + 43)?
9
Suppose 4*z = -2*b + 32, 5*b + 6*z - 20 = 11*z. What is the hundreds digit of b/(3 - (-5)/(-1)) - -1027?
0
Suppose 21*t - 31*t = -230. Suppose 13*j = t*j - 4070. What is the tens digit of j?
0
Suppose 0 = -3*v - z + 45099, -3*v + 83*z = 79*z - 45054. What is the units digit of v?
0
Suppose -624*z + 222496 = -607*z. What is the thousands digit of z?
3
Let i(r) = -1336*r + 79. What is the tens digit of i(-6)?
9
Let l(y) = y**3 + 15*y**2 - 35*y - 12. Let a be l(-17). Suppose -5*z + 0*h = 4*h - 1224, -1217 = -a*z + 3*h. What is the hundreds digit of z?
2
Let l be 18/(-18)*(2 + -1*3). Let v(g) = -502*g**3 + 2*g**2 - 2*g + 1. Let c be v(l). Let w = -249 - c. What is the hundreds digit of w?
2
Suppose -5*c + q + 16612 = 0, -4*c + 15266 = q + 1962. What is the units digit of c?
4
Suppose 2*g + 733 = 3*g - 4*q, 0 = -4*g - q + 3017. Let b = g + -350. What is the units digit of b?
3
Let b = 22764 + -20715. What is the units digit of b?
9
Suppose -4*q = -3*q + f + 3, -5*f - 22 = -2*q. Let t be q*(1 + 0)*488. Suppose 0*l = -4*l + t. What is the tens digit of l?
2
Suppose 0 = -2*f - h + 18611, -5*f - 74*h + 46508 = -78*h. What is the thousands digit of f?
9
Let v = -91 - -76. Let g(p) = -10*p - 43. What is the units digit of g(v)?
7
Let i(q) = 23*q**2 + 114*q - 53. What is the thousands digit of i(-15)?
3
Suppose -3*w - 471 = -x + 311, -2*w = -5*x + 3962. Suppose 8*m - x = 1038. What is the units digit of m?
9
Let y = -157 - 92. Let k = 462 - y. What is the hundreds digit of k?
7
Let j(v) = -10 + 18*v**2 + v**3 - 2 - 21*v + 2. Let p = 3352 + -3371. What is the units digit of j(p)?
8
Let g(p) = -p**3 + 5*p + 5. Let z be g(-2). Let d(x) = 702*x - 14. Let h be d(z). Suppose -16*m + h = -1764. What is the hundreds digit of m?
2
Let k = 13736 + -10171. What is the tens digit of k?
6
Suppose 14*u - 9*u + 65 = 0. Let p(z) = 2*z + 38. Let s be p(u). Suppose -s*g - 2*g = -882. What is the units digit of g?
3
Let g(x) = 87*x**3 - 4*x**2 - 8*x + 29. What is the thousands digit of g(4)?
5
Let h be (62/(-31))/(4/(-6)) - -6. Let y(a) = -15*a + 165. What is the units digit of y(h)?
0
Suppose 25944 = -313*k + 319*k. What is the units digit of k?
4
Let s be (-4)/(-4) + -1 + 1. Suppose s + 14 = 15*g. What is the tens digit of g/(-5) - -1 - 96/(-5)?
2
Let t(s) = -8*s**2 - 4*s - 13. Let q(d) = 5*d**2 + 3*d + 9. Let n(v) = -7*q(v) - 5*t(v). Let r be n(-2). Let h = r + 74. What is the units digit of h?
8
Let h(z) = 2*z**3 + 17*z**2 + 145*z - 1507. What is the hundreds digit of h(29)?
7
Suppose 10 = -5*p + 5*s, 6*s - 10 = 4*s. Suppose p*l = 9*l - 2154. Let n = -241 + l. What is the tens digit of n?
1
Let r(o) = 189*o - 78. Let j be 4/(-12)*(0 - 9) - -1. What is the units digit of r(j)?
8
Let s(p) = p**3 - 15*p**2 + 4*p - 5. Let m be s(15). What is the units digit of m/(-5) + 3 + 71?
3
Let n = 115 + -113. Suppose 0 = -5*m + 15*z - 14*z + 4290, -n*m + 1716 = 2*z. What is the units digit of m?
8
Suppose 3*h - 4*o = 8*h - 150, 4*o = -20. Let l = -1400 + 1380. Let z = h - l. What is the tens digit of z?
5
Let m(a) = 14*a - 81. Let u be m(6). Suppose b + u*g = 21, -4*b + 7*g - 9*g = -84. What is the units digit of b?
1
Suppose 16*p - 20*p + 20 = 0. Suppose -4*o + p + 15 = 0. Suppose 5*r - 241 = 2*l, -2*r + 59 = -r + o*l. What is the units digit of r?
9
Suppose m + 2 = i, 7*m + 3*i = 9*m + 5. What is the hundreds digit of -4 + (-1 + m)/((-2)/279)?
2
Suppose -w + 6*w = -3*w. What is the tens digit of (-7)/(91/(-39)) - (-578 + w)?
8
Let h = 18 - 18. Let x be h + 2 + (-15)/(-5). Suppose d = -3, -4*i = 2*d + x - 519. What is the hundreds digit of i?
1
Let g = 20370 - 12056. Suppose 3*x = 4*w - g, -5*w + 17*x = 15*x - 10389. What is the thousands digit of w?
2
Suppose 0 = -5*d + 3*v + 45468, -45*d + 4*v - 27246 = -48*d. What is the units digit of d?
0
Suppose 11*t = -8*t - 16226. Let g = t - -1523. What is the tens digit of g?
6
Let c be ((-12)/(-10))/((-3)/(-90)). Let l = 45 - c. Let b = l - -72. What is the units digit of b?
1
Let o(g) = 6*g**2 - 124*g - 28. Let n be o(21). Suppose 5*x + n*v - 9*v - 395 = 0, 4*x - 325 = -v. What is the units digit of x?
2
Suppose 57*p - 1329021 = 453084. What is the hundreds digit of p?
2
Suppose 2 + 8 = 2*t. Suppose 0 = 3*g + 5*b + 14 - 193, 4*g = -t*b + 242. What is the tens digit of g?
6
Let d = 10067 - 4869. What is the thousands digit of d?
5
Suppose -120*y + 1026703 = -366515 - 3158862. What is the hundreds digit of y?
9
Let z(s) = s**2 - 13*s - 21. Suppose 32 - 124 = -4*a. What is the hundreds digit of z(a)?
2
Let j be 1*-2 + 3 + 1. Suppose -f = 5*t - 25, 0 = -4*f + j*f + t + 6. What is the units digit of f*-1*80/(-100)?
4
Suppose 0 = 213*t - 2291120 + 105101. What is the ten thousands digit of t?
1
Suppose 0 = 100*a - 98*a - 4. Suppose -y + 496 = 5*s - a*s, y = -5*s + 828. What is the hundreds digit of s?
1
Let v = -494 + 496. Suppose 0 = -3*d - u + 3717, 2*u - 2479 = -v*d + u. What is the units digit of d?
8
Let f be 2/3 + 9/81*12. Suppose 0 = f*j - 171 + 13. What is the units digit of j?
9
Suppose -661625 = -26*o - 106447. What is the ten thousands digit of o?
2
Suppose -17*v - 104145 = -32*v. What is the hundreds digit of v?
9
Suppose -4*x = 8, -x = -3*l - 6*x + 440. Let v = l + 89. What is the hundreds digit of v?
2
Suppose 0 = 1086*n - 1193*n + 1943976. What is the units digit of n?
8
Suppose 8 = -4*l - k, -2*l = 4*k - 2 - 8. What is the units digit of (-1051)/l - (6 + 34/(-6))?
0
Suppose -3*u = -4*r - 6789, 3*u - 2*r - 3*r = 6783. What is the tens digit of u?
7
Let v = 12404 + -3401. What is the hundreds digit of v?
0
Let l be 3/((-3)/2)*2. What is the thousands digit of l + (-4 - -1721) + -5?
1
Let q(g) be the second derivative of g**5/10 - 23*g**4/6 - 22*g**3/3 + 12*g**2 - 2*g - 64. What is the units digit of q(24)?
0
Let i(f) = f**3 + 5*f - 27. Let h be i(0). What is the units digit of 0/h - (1/(-1) + -299)?
0
Let c = 4768 + 1689. What is the thousands digit of c?
6
Let u(c) = -53*c + 1. Let s be u(1). Let v(t) = -2*t**2 - 24*t + 23. Let p be v(-10). Let m = p - s. What is the tens digit of m?
1
Let d(m) be the second derivative of m**4/12 - 11*m**3/6 - 25*m**2/2 + 13*m. Let f(n) = 1. Let z(i) = d(i) + 6*f(i). What is the units digit of z(17)?
3
Let c = -255 - -461. Let n = c + -134. What is the units digit of n?
2
Suppose 5*y = 2*y - 72. Let r = -26 - y. What is the units digit of (9 + 0)/(r/(-6))?
7
Let c = -9313 + 40886. What is the hundreds digit of c?
5
Suppose -107*l - 180 = -105*l. What is the hundreds digit of (-550)/8*6*240/l?
1
Suppose -3*y = 2*h + 978, -2*y + 1529 = -5*h - 954. What is the hundreds digit of h/(-1) - 138/23?
4
Let m = 58 - 33. What is the tens digit of (m/10 + -5)*-82?
0
Let r = 99 + 3924. What is the thousands digit of r?
4
Let i = 152 - 153. What is the tens digit of (2/i)/((-6)/3) + 709?
1
Suppose -9*x = 19 - 109. Suppose 0*y - 1910 = -x*y. What is the hundreds digit of y?
1
What is the ten thousands digit of ((-381)/(-15) + -9)/((-3399)/1700 + 2)?
2
Suppose 0*p - 2 = 2*d - 2*p, 4*d = -p + 16. Suppose -b + 5*z = -383, -d*b - 1532 = -7*b - z. What is the tens digit of b?
8
Let x(o) be the first derivative of 17*o**3/3 + 7*o**2/2 + 29*o - 13. What is the